ppose 3*p - s + 63 = 0, 0*s + 4*s - 92 = 4*p. Is 722/5 - 12/p composite?
True
Let o be (3/(-4))/((-3)/72). Let q(h) = 15 + 8 - o*h + 2. Is q(-11) a composite number?
False
Let l(v) = v**2 + 6. Let q be l(0). Suppose -q*r + 0*r + 2274 = 0. Is r a prime number?
True
Is -2*4 - (-26380 + 81) composite?
True
Suppose 0 = l + 5*l - 54. Suppose -4*m - 13 = -l. Let i(w) = 26*w**2. Is i(m) a prime number?
False
Let m = 19 - -141. Is ((-34)/8)/((-8)/m) a composite number?
True
Suppose 0 = -28*b - 47*b + 660225. Is b prime?
True
Let g(m) be the third derivative of m**5/60 - m**3 + 8*m**2. Let k be g(-3). Suppose k*z = 3*v + 66, 2*v = 3*v + 1. Is z prime?
False
Suppose -q - 3*x + 4442 = 0, -14954 = -4*q + 4*x + 2814. Is (-5 - 6/(-2))*q/(-4) a composite number?
False
Suppose 0 = -2*c + 4 + 8. Let j be 3 + 2*(-3)/c. Suppose h - 3*q = 34, 0*q = -3*h + j*q + 67. Is h prime?
True
Let x be ((-12)/18)/((-2)/(-3))*-1. Is x - (3/(6/(-532)) + 2) a prime number?
False
Suppose 0 = 33*q - 8*q - 148075. Is q prime?
True
Let a = 17 - 37. Let x = a + 24. Suppose 0 = 5*o - o - 5*r - 1328, -x*r = 2*o - 638. Is o prime?
False
Let q(b) = -2*b + 48. Let t be q(24). Suppose t = -6*m + 462 + 2052. Is m composite?
False
Let t(v) = 11*v**2 + 45*v - 57. Let k be t(31). Suppose 8*o - 1955 = k. Is o composite?
False
Let v = -17322 - -42275. Is v prime?
True
Let h(m) = 41*m**2 - 3*m + 4. Let g be h(3). Suppose -5*w + 166 = -g. Is w prime?
False
Suppose -3*h = 5*i + 712 - 10442, i - 1963 = -4*h. Is i a composite number?
True
Let s be (-18)/(-63) - (-2)/(-7). Suppose 2*d - 147 = -4*q + 45, s = -4*d - 8. Suppose 6 = -h + q. Is h prime?
True
Let c = -378 - -509. Is c prime?
True
Suppose 4*a - 2122 = -2*r, -4*a + 20 = -0*a. Is r + 4 + (-40)/5 composite?
True
Suppose -g + 0*g = 4*t - 43, 106 = 2*g + 4*t. Suppose -3*l = -g - 288. Suppose -4*o = 3*v - 581, 2*o - 171 - l = -2*v. Is o composite?
False
Let b(p) be the second derivative of 151*p**5/10 - p**4/4 + 5*p**3/6 - 3*p**2/2 - 4*p. Is b(2) prime?
True
Suppose 12*k - 14*k + 2*m = -6152, 0 = m - 3. Is k a prime number?
True
Let l be ((-614)/(-2))/(2/4). Let c = 1287 - l. Is c composite?
False
Suppose -5*r + 651 = 4*f, r + 189 = f - 3*r. Let z = 42 + f. Is z a composite number?
False
Let v(l) = -l**2 - 40*l + 21. Let z be 328/(-10) + 36/45. Is v(z) composite?
False
Let d(a) be the second derivative of 19*a**4/6 - a**2/2 + 4*a. Is d(-1) a composite number?
False
Suppose 3*u - 2*g + 285 = 2*u, 1146 = -4*u + 2*g. Let r = u - -990. Is r composite?
True
Suppose -6*c + 2*c + 767 = a, -5*a + 3785 = -5*c. Suppose -760 - a = -7*f. Is f a composite number?
True
Let g(b) be the first derivative of b**6/72 - b**5/60 - 7*b**4/24 - 2*b**3/3 + 4. Let h(n) be the third derivative of g(n). Is h(-8) a prime number?
False
Suppose 7*c + 3*c = 54310. Is c prime?
True
Let i be (-4 - -3)*347*-4. Suppose 0 = 3*s + 2*n - 1041, 4*s = -0*n - 3*n + i. Is s a prime number?
True
Let v = -5509 - -9706. Is v composite?
True
Let c(j) = -5322*j**3 - 2*j - 1. Is c(-1) composite?
False
Let y(j) = -64*j**2 + 16. Let g(b) = 1. Let h(k) = 20*g(k) - y(k). Let m be h(-3). Let x = m - 341. Is x a composite number?
False
Let f = 106 - -203. Let n = -160 + f. Is n a prime number?
True
Suppose 0 = -3*b - 4*w - 0*w + 1512, -5*w = -3*b + 1539. Suppose 0 = 5*n - 9*n + b. Is n prime?
True
Let r be (-4)/(-22) + (-80)/(-44). Suppose a + 5 = r*a. Suppose 0 = -a*j - 1439 + 4354. Is j prime?
False
Let m(n) = 305*n**3 + 2*n**2 - 19*n + 55. Is m(4) a prime number?
True
Suppose 10*b - 197874 = -52864. Is b composite?
True
Let d(z) = 1962*z**2 + 48*z + 277. Is d(-7) a prime number?
True
Is 202941/45 + 12/10 composite?
True
Suppose 8 = -2*w + 4*w. Suppose 0 = 3*q + 5*v - 2613, w*v - 237 = -q + 641. Suppose g + q = z, z - 2*g = 318 + 549. Is z a composite number?
True
Let o be (45/(-27))/((-10)/36). Suppose 4*b - 487 = -3*l, 2*l = o*l - 4*b - 640. Is l composite?
True
Let h = 18 + -12. Suppose 1397 - 95 = h*v. Is v composite?
True
Let o(m) = -m**3 - 1. Let y be o(-2). Suppose y = 4*f + 3. Is -4 + f + 2 - -180 a composite number?
False
Is (-30)/6 - -2 - -818 prime?
False
Let s = -1941 - -264. Let a = s + 2654. Is a composite?
False
Suppose 0 = 4*l - 2*x - 36512, -4*x + 26947 = 2*l + 8691. Suppose 0 = -11*o + 3*o + l. Is o prime?
False
Suppose 0 = 2*g - 1 - 3, -3*h + 26771 = g. Is h composite?
False
Let a(o) = 9*o**3 - 9*o**2 + 36*o - 193. Is a(18) composite?
True
Let u = 490 - 489. Let a(s) = 1759*s. Let p(k) = 3517*k + 1. Let v(o) = 9*a(o) - 4*p(o). Is v(u) composite?
False
Let u = -5 + 8. Suppose -1117 = -u*g + 2*g. Is g composite?
False
Is 18 + -18 - 273/(-3) a prime number?
False
Suppose 0*b + 5*b + 130 = 0. Let h = -38 - b. Is (-3)/(h/224) + 1 a composite number?
True
Suppose -6*n - 47 - 37 = 0. Let m(q) = q**3 + 14*q**2 - 3*q + 4. Is m(n) composite?
True
Suppose -82 - 5686 = -8*m. Let n = 1 + -1. Suppose 5*l - m - 744 = n. Is l composite?
False
Let u = 10 + -5. Suppose -5*i - 2*b = 16, -4*i = -u*b - 10 + 36. Is 2 - (i - (1558 - 3)) prime?
False
Suppose -4*o = o. Suppose -3*z + z + 4 = o. Let h(m) = 47*m**2 - 2*m + 3. Is h(z) composite?
True
Suppose 0 = -2*f - 5*v + 12779, f + v = 600 + 5788. Is f a prime number?
False
Suppose -2*c = 5*c - 56. Let v(b) = 6*b**2 + 2*b - 2. Let t be v(c). Suppose 3*m = m + t. Is m composite?
False
Suppose -5*w + i - 74 = 0, 79 = -5*w - 3*i + 1. Let h = 19 + w. Suppose b - 4*o = 85, -h*b = -3*o - 2*o - 373. Is b a prime number?
True
Suppose 5*b - 765 - 1464 = -4*c, 4*b + 5*c = 1785. Let l = b - -128. Is l a prime number?
False
Is (-16118)/4*(36 + -8)/(-2) a composite number?
True
Let w(s) be the first derivative of s**2/2 + 89*s + 4. Is w(0) composite?
False
Let z = 2491 + -1352. Is z a composite number?
True
Let j be 9/(-4 + 22/4). Suppose 4*g - 20 = 0, -g + j = -3*x + 61. Suppose -22*w + 170 = -x*w. Is w prime?
False
Suppose -10*x = -22*x + 86796. Is x a prime number?
False
Suppose -9147 - 27083 = -2*o. Is o composite?
True
Suppose 33708 = 23*f - 49989. Is f composite?
True
Let r be 445/(3 - -2)*7. Suppose f - r = -0*f. Is f prime?
False
Let v(a) = -a**3 - 3*a**2 + 3*a. Let c be v(-4). Suppose 0 = -2*m + 12 - c. Suppose -2662 = -m*x + 54. Is x a composite number?
True
Let l(g) = g**3 + g + 4. Let u be l(0). Suppose -255 = -i - 0*i + u*p, -4*i = -5*p - 1009. Is i prime?
True
Let b(q) = 49*q**2 + 4*q. Let v be b(-5). Suppose 3*u = 2*d + 3613, -v = -3*u + 2*u + d. Is u composite?
True
Suppose -888 = 2*d + 4*d. Let i = 410 + d. Suppose 4*j + 2*z = i, 197 = 3*j + 2*z - 0*z. Is j a composite number?
True
Suppose 3098 = -3*z + 4*z + 3*k, -2*k = 4*z - 12382. Is z a composite number?
True
Suppose -229*a - 1196 = -233*a. Is a a prime number?
False
Suppose -117*c + 208842 = -111*c. Is c a composite number?
False
Suppose 32*w = 35*w - n - 147778, 2*w - 98507 = 3*n. Is w prime?
True
Suppose -84*f - 213 = -85*f. Is f a prime number?
False
Let n(q) = -4*q**3 + 13471. Is n(0) composite?
True
Is 10/15*(-81318)/(-4) a composite number?
False
Let h = 4953 + -3382. Is h composite?
False
Suppose 20*x - 24*x = -5396. Is x a composite number?
True
Let k = -6 - -10. Suppose 3*a - 25 + 4 = 0. Is (1/k)/(a/9436) prime?
True
Let d = -18 + 21. Let a(o) be the second derivative of 35*o**3/6 + 2*o**2 + 3*o. Is a(d) a prime number?
True
Let t be 6/(-8) + 31650/24. Suppose t = 4*n - 3486. Is n prime?
True
Let a be (-20)/(-2) - (5 - 7). Suppose 14 = u - 3*s, -4*u - a = 4*s + s. Suppose j - 205 = -u*j - m, 130 = 2*j - m. Is j composite?
False
Let y = 26 + -14. Let k = -18 + y. Is 2/k - (-20)/6 composite?
False
Let b(j) = -j**3 + 4*j**2 + 3*j - 1. Let i be -1 - -3 - (2 - 12). Suppose -h = -5*h - i. Is b(h) a composite number?
False
Let b = 283 + 542. Let s(a) = -111*a + 4. Let v be s(-6). Suppose 4*i - b = k, 5*k - v = -5*i + 355. Is i a composite number?
True
Suppose -3*t - 35 = -k, t - 2 = -4*k - 18. Let w = 17 + t. Suppose -2*c + 3*n + 2110 = -n, -w*n = 4*c - 4259. Is c composite?
False
Suppose 5*o - 2*s = 5010, 5*o = -2*s - 886 + 5876. Let c = o - 291. Is c a prime number?
True
Let h = 14 + -10. Suppose 0 = -2*j - 4*t + 978 + 266, 0 = 5*j - h*t - 3110. Suppose 2*a = -7*n + 2*n + j, 3*n = -2*a + 622. Is a a prime number?
True
Let g(v) = 2368*v**2 - 24*v + 1. Is g(-2) a composite number?
False